tors of 4469893569.
3, 29, 97, 176557
What are the prime factors of 638349629?
47, 13581907
What are the prime factors of 132561594?
2, 3, 11, 19, 167, 211
List the prime factors of 459458801.
139, 3305459
What are the prime factors of 5266862714?
2, 2633431357
List the prime factors of 67065149.
89, 359, 2099
List the prime factors of 1149464384.
2, 17, 1056493
What are the prime factors of 210283765?
5, 37, 1136669
List the prime factors of 2104593610.
2, 5, 7, 23, 186743
List the prime factors of 41449835.
5, 7, 24169
List the prime factors of 1422676245.
3, 5, 94845083
What are the prime factors of 27185707?
223, 121909
What are the prime factors of 86286030?
2, 3, 5, 19, 151379
List the prime factors of 330501899.
7, 13, 3631889
What are the prime factors of 82947199?
17, 73, 89, 751
List the prime factors of 84474468.
2, 3, 13, 60167
What are the prime factors of 212481531?
3, 23609059
List the prime factors of 251571944.
2, 13, 31, 78031
List the prime factors of 2381784773.
2381784773
What are the prime factors of 257846291?
257846291
List the prime factors of 64569985.
5, 229, 56393
List the prime factors of 57336249.
3, 139, 359, 383
What are the prime factors of 751389985?
5, 41, 3665317
List the prime factors of 1221952619.
1543, 791933
What are the prime factors of 30022270?
2, 5, 1277, 2351
What are the prime factors of 604680021?
3, 11, 17, 53, 6779
List the prime factors of 4401611519.
229, 1901, 10111
List the prime factors of 273141204.
2, 3, 7, 3251681
List the prime factors of 483430941.
3, 7, 79, 137, 709
List the prime factors of 298401325.
5, 61, 419, 467
What are the prime factors of 32963889?
3, 7, 109, 14401
What are the prime factors of 2456860?
2, 5, 7, 23, 109
List the prime factors of 115702598.
2, 11, 5259209
What are the prime factors of 360345035?
5, 37, 1947811
What are the prime factors of 1930258955?
5, 386051791
List the prime factors of 1109193688.
2, 138649211
List the prime factors of 119415048.
2, 3, 2111, 2357
What are the prime factors of 313474297?
13421, 23357
List the prime factors of 567927806.
2, 17, 16703759
What are the prime factors of 2163119754?
2, 3, 353, 1021303
What are the prime factors of 1227457680?
2, 3, 5, 191, 26777
What are the prime factors of 173640849?
3, 431, 134293
What are the prime factors of 122538259?
47, 479, 5443
List the prime factors of 1011474644.
2, 29, 139, 62731
What are the prime factors of 4923172025?
5, 196926881
What are the prime factors of 84575012?
2, 2293, 9221
What are the prime factors of 3515625679?
857, 4102247
List the prime factors of 113470341.
3, 1889, 20023
List the prime factors of 523472655.
3, 5, 269, 129733
What are the prime factors of 585203809?
5051, 115859
List the prime factors of 451186018.
2, 17, 13270177
List the prime factors of 12574930.
2, 5, 1257493
What are the prime factors of 35504822?
2, 17752411
What are the prime factors of 537729424?
2, 33608089
What are the prime factors of 70360783?
179, 393077
What are the prime factors of 160927078?
2, 13, 6189503
List the prime factors of 1539887910.
2, 3, 5, 11, 4666327
What are the prime factors of 1696180254?
2, 3, 282696709
List the prime factors of 24113977.
24113977
List the prime factors of 21977451.
3, 677, 3607
What are the prime factors of 445589440?
2, 5, 659, 2113
List the prime factors of 772393441.
47, 521, 31543
List the prime factors of 5716363681.
7, 29, 211, 317, 421
What are the prime factors of 2657630067?
3, 127, 6975407
List the prime factors of 4823907852.
2, 3, 23, 17477927
What are the prime factors of 1823668684?
2, 41, 11119931
List the prime factors of 55784552.
2, 6973069
What are the prime factors of 372190541?
372190541
What are the prime factors of 2239260324?
2, 3, 7, 31, 181, 4751
List the prime factors of 71919918.
2, 3, 7, 457, 1249
What are the prime factors of 1526932070?
2, 5, 29, 131, 40193
What are the prime factors of 333674336?
2, 563, 18521
List the prime factors of 59222092.
2, 14805523
What are the prime factors of 489450825?
3, 5, 17, 41, 3121
List the prime factors of 3141713818.
2, 2063, 761443
List the prime factors of 51511973.
23, 2239651
List the prime factors of 226228695.
3, 5, 7, 11, 195869
What are the prime factors of 658801877?
19, 547, 63389
List the prime factors of 29955075.
3, 5, 399401
What are the prime factors of 25535445?
3, 5, 13, 17, 7703
List the prime factors of 3941700263.
89, 44288767
What are the prime factors of 213604693?
43, 1447, 3433
What are the prime factors of 1126396237?
83, 13571039
What are the prime factors of 103820474?
2, 449, 115613
List the prime factors of 78192468.
2, 3, 29, 74897
What are the prime factors of 499766816?
2, 17, 23, 59, 677
List the prime factors of 54175032.
2, 3, 752431
List the prime factors of 1043153435.
5, 109, 1914043
What are the prime factors of 78957241?
11, 61, 117671
List the prime factors of 62084196.
2, 3, 31, 55631
List the prime factors of 145379255.
5, 7, 1033, 4021
List the prime factors of 163719976.
2, 7, 241, 1733
What are the prime factors of 179007362?
2, 107, 839, 997
List the prime factors of 687851971.
687851971
What are the prime factors of 99626036?
2, 24906509
What are the prime factors of 2519438938?
2, 83, 331, 45853
What are the prime factors of 977344654?
2, 11, 13, 17, 179, 1123
What are the prime factors of 40157748?
2, 3, 371831
What are the prime factors of 659435265?
3, 5, 89, 164653
List the prime factors of 25372424.
2, 7, 11, 41189
List the prime factors of 617866173.
3, 17, 109, 37049
List the prime factors of 471054604.
2, 117763651
What are the prime factors of 1041092331?
3, 16693, 20789
List the prime factors of 54786219.
3, 18262073
List the prime factors of 42657298.
2, 21328649
What are the prime factors of 1406856812?
2, 103, 3414701
What are the prime factors of 1993419753?
3, 13, 31, 1648817
List the prime factors of 3085934992.
2, 7, 397, 69403
List the prime factors of 56178804.
2, 3, 11, 61, 6977
What are the prime factors of 85385654?
2, 42692827
List the prime factors of 30958368.
2, 3, 7, 23, 2003
List the prime factors of 105952111.
419, 252869
What are the prime factors of 1129382850?
2, 3, 5, 7529219
List the prime factors of 400137038.
2, 7, 47, 109, 797
List the prime factors of 137479285.
5, 29, 948133
What are the prime factors of 28267638?
2, 3, 7, 673039
List the prime factors of 8006888031.
3, 103, 25912259
What are the prime factors of 62518701?
3, 7, 59, 50459
What are the prime factors of 1087275586?
2, 31, 17536703
List the prime factors of 767082355.
5, 13, 251, 47017
What are the prime factors of 181882727?
13, 79, 177101
What are the prime factors of 4636750093?
229, 20247817
List the prime factors of 160771288.
2, 23, 467, 1871
List the prime factors of 131617283.
7, 29, 92623
List the prime factors of 206734517.
11, 113, 166319
What are the prime factors of 1416045688?
2, 1657, 106823
What are the prime factors of 38896713?
3, 1440619
List the prime factors of 405999516.
2, 3, 13, 107, 1871
List the prime factors of 33964416.
2, 3, 29483
What are the prime factors of 819470517?
3, 487, 560897
What are the prime factors of 522735854?
2, 11321, 23087
What are the prime factors of 115912268?
2, 37, 783191
List the prime factors of 229015000.
2, 5, 163, 281
What are the prime factors of 21739800?
2, 3, 5, 19, 1907
List the prime factors of 55500135.
3, 5, 3700009
What are the prime factors of 2482261875?
3, 5, 147097
List the prime factors of 242397633.
3, 80799211
What are the prime factors of 206777748?
2, 3, 881, 19559
List the prime factors of 198698896.
2, 11, 71, 15901
What are the prime factors of 163543241?
19, 8607539
List the prime factors of 97358817.
3, 31, 233, 4493
What are the prime factors of 149725448?
2, 18715681
List the prime factors of 19265704.
2, 2408213
List the prime factors of 78169757.
17, 4598221
List the prime factors of 41602444.
2, 13, 67, 11941
List the prime factors of 438816210.
2, 3, 5, 7, 19, 71, 1549
What are the prime factors of 30068240?
2, 5, 17, 22109
What are the prime factors of 111381906?
2, 3, 18563651
List the prime factors of 1669382595.
3, 5, 12365797
List the prime factors of 8679042.
2, 3, 160723
List the prime factors of 37807856.
2, 149, 15859
What are t